762?
2, 313, 121637
What are the prime factors of 802817231?
17, 23, 37, 211, 263
List the prime factors of 1209205547.
11, 29, 37, 53, 1933
What are the prime factors of 38697214?
2, 367, 52721
What are the prime factors of 2806656284?
2, 701664071
What are the prime factors of 978122519?
11, 88920229
What are the prime factors of 1795425286?
2, 47, 19100269
List the prime factors of 3004156816.
2, 43, 853, 5119
What are the prime factors of 45610981?
13, 61, 113, 509
What are the prime factors of 779841228?
2, 3, 64986769
What are the prime factors of 2109168193?
11, 47, 4079629
List the prime factors of 4474273453.
13, 43, 8004067
What are the prime factors of 65919543?
3, 21973181
What are the prime factors of 7632043494?
2, 3, 23, 131, 157, 2689
What are the prime factors of 692372348?
2, 173093087
What are the prime factors of 495880628?
2, 29, 4274833
List the prime factors of 175970395.
5, 35194079
What are the prime factors of 10610794?
2, 1973, 2689
List the prime factors of 92532951.
3, 7, 71, 137, 151
What are the prime factors of 31773730?
2, 5, 3177373
What are the prime factors of 910090474?
2, 113, 4026949
List the prime factors of 87401338.
2, 31, 317, 4447
List the prime factors of 2802634212.
2, 3, 7, 17, 41, 47869
What are the prime factors of 151862875?
5, 47, 25849
What are the prime factors of 312075885?
3, 5, 11, 17, 71, 1567
What are the prime factors of 46366755?
3, 5, 3091117
List the prime factors of 3975214947.
3, 11, 4523, 26633
List the prime factors of 3966900025.
5, 11, 14425091
What are the prime factors of 517457363?
31, 16692173
What are the prime factors of 99462957?
3, 11, 239, 12611
What are the prime factors of 41033146?
2, 7, 11, 266449
List the prime factors of 465172470.
2, 3, 5, 7, 23, 29, 41
List the prime factors of 35061655.
5, 7012331
What are the prime factors of 31798067?
7, 4542581
List the prime factors of 2304518505.
3, 5, 127, 199, 6079
What are the prime factors of 83568516?
2, 3, 409, 17027
List the prime factors of 371659876.
2, 7, 2593, 5119
List the prime factors of 182667239.
47, 3886537
List the prime factors of 159087174.
2, 3, 2251, 11779
What are the prime factors of 1409645866?
2, 43, 173, 94747
List the prime factors of 27612485.
5, 359, 15383
List the prime factors of 2163354.
2, 3, 53, 6803
List the prime factors of 3021456650.
2, 5, 1657, 36469
List the prime factors of 207139372.
2, 11, 4707713
List the prime factors of 44067698.
2, 53, 439, 947
List the prime factors of 144962136.
2, 3, 11, 6779
List the prime factors of 749084244.
2, 3, 73, 855119
List the prime factors of 4869640596.
2, 3, 37, 10967659
What are the prime factors of 94190612?
2, 23, 41, 24971
List the prime factors of 1653059719.
17, 97238807
List the prime factors of 1488319696.
2, 23, 4044347
List the prime factors of 22062678.
2, 3, 11, 29, 11527
What are the prime factors of 273375470?
2, 5, 17, 23, 139, 503
What are the prime factors of 2427053347?
2427053347
What are the prime factors of 4059977739?
3, 16729, 80897
What are the prime factors of 102746365?
5, 971, 21163
List the prime factors of 2533273905.
3, 5, 109, 1549403
List the prime factors of 46746730.
2, 5, 4674673
List the prime factors of 5958779522.
2, 769, 3874369
List the prime factors of 2354088136.
2, 79, 3724823
List the prime factors of 6705147068.
2, 1676286767
List the prime factors of 24358593.
3, 7, 241, 4813
List the prime factors of 32245310.
2, 5, 23, 140197
List the prime factors of 595093635.
3, 5, 54421
List the prime factors of 862351410.
2, 3, 5, 28745047
List the prime factors of 449774853.
3, 11, 433, 31477
What are the prime factors of 1783031046?
2, 3, 347, 541, 1583
What are the prime factors of 7438056?
2, 3, 41, 7559
What are the prime factors of 146659236?
2, 3, 883, 13841
List the prime factors of 27777042.
2, 3, 1543169
List the prime factors of 173063574.
2, 3, 1549, 2069
What are the prime factors of 46633177?
1193, 39089
List the prime factors of 97950861.
3, 43, 253103
List the prime factors of 10952045.
5, 13, 997
List the prime factors of 2592714313.
7, 71, 745247
What are the prime factors of 164439563?
164439563
List the prime factors of 36236395.
5, 13, 557483
What are the prime factors of 20528281?
20528281
What are the prime factors of 473353586?
2, 349, 678157
List the prime factors of 162514564.
2, 1117, 36373
List the prime factors of 2894191657.
7, 83, 1483, 3359
What are the prime factors of 2516851980?
2, 3, 5, 229, 20353
What are the prime factors of 873253851?
3, 19, 15320243
List the prime factors of 3080706.
2, 3, 17, 30203
List the prime factors of 162317803.
103, 977, 1613
What are the prime factors of 58243567?
23, 619, 4091
List the prime factors of 592323922.
2, 23, 12876607
What are the prime factors of 211439082?
2, 3, 439, 80273
What are the prime factors of 2174208812?
2, 17, 239, 133781
What are the prime factors of 244242504?
2, 3, 11, 137, 2251
List the prime factors of 718997908.
2, 179749477
List the prime factors of 387089940.
2, 3, 5, 6451499
List the prime factors of 69884868.
2, 3, 5823739
List the prime factors of 110143335.
3, 5, 761, 9649
What are the prime factors of 10802415?
3, 5, 13, 31, 1787
What are the prime factors of 756460667?
31, 653, 37369
What are the prime factors of 94232586?
2, 3, 7, 197, 1627
What are the prime factors of 24514791?
3, 7, 353, 3307
List the prime factors of 1182118.
2, 7, 84437
List the prime factors of 41638739.
41, 89, 11411
What are the prime factors of 64595820?
2, 3, 5, 19, 56663
List the prime factors of 345618783.
3, 31, 593, 2089
What are the prime factors of 69854619?
3, 2129, 10937
What are the prime factors of 175410982?
2, 619, 141689
What are the prime factors of 32114397?
3, 7, 29, 52733
What are the prime factors of 584855557?
11, 13, 29, 12821
What are the prime factors of 1555769938?
2, 59, 13184491
What are the prime factors of 62689421?
17, 23, 67, 2393
What are the prime factors of 125420799?
3, 7, 107, 55817
What are the prime factors of 355085731?
7, 11, 13, 2099
List the prime factors of 5300692428.
2, 3, 19, 647, 35933
What are the prime factors of 1144350251?
11, 3469, 29989
What are the prime factors of 801180467?
19, 41, 1028473
What are the prime factors of 966263093?
29, 33319417
List the prime factors of 25314439.
1471, 17209
List the prime factors of 78545120.
2, 5, 281, 1747
List the prime factors of 2450752412.
2, 1483, 413141
What are the prime factors of 207572234?
2, 317, 327401
What are the prime factors of 836342973?
3, 461, 201577
List the prime factors of 51552907.
7, 31, 237571
What are the prime factors of 10170900?
2, 3, 5, 3767
List the prime factors of 17879375.
5, 28607
What are the prime factors of 71308247?
71308247
What are the prime factors of 1129219601?
79, 14293919
What are the prime factors of 108078209?
103, 211, 4973
List the prime factors of 396061781.
1913, 207037
What are the prime factors of 60008517?
3, 19, 89, 3943
List the prime factors of 8869435.
5, 1773887
List the prime factors of 632072330.
2, 5, 31, 2038943
List the prime factors of 6313370092.
2, 977, 1615499
What are the prime factors of 858747760?
2, 5, 13, 107, 7717
List the prime factors of 1267050768.
2, 3, 691, 38201
List the prime factors of 61993418.
2, 23, 271, 4973
List the prime factors of 131039947.
23, 431, 13219
What are the prime factors of 1510313590?
2, 5, 151031359
What are the prime factors of 108410553?
3, 59, 204163
List the prime factors of 9351003.
3, 17, 181, 1013
What are the prime factors of 27769117?
59, 470663
What are the prime factors of 201830972?
2, 7, 47, 103, 1489
List the prime factors of 17967503.
3539, 5077
List the prime factors of 387803310.
2, 3, 5, 107, 120811
List the prime factors of 1162001585.
5, 109, 2132113
List the prime factors of 2049271758.
2, 3, 41, 925597
List the prime factors of 7110936.
2, 3, 7, 4703
What are the prime factors of 298933219?
13, 17, 251, 317
What are the prime factors of 44311903?
37, 1197619
List the prime factors of 2337804601.
11, 212527691
List the prime factors of 358643863.
179, 2003597
List the prime factors of 430846608.
2, 3, 101, 181, 491
List the prime factors of 543127025.
5, 7, 443369
List the prime factors of 45964214.
2, 47, 488